+ 84. Suppose -d + 5*i - 2 = -5, -5*i = 2*d - 6. Suppose -5*k + 56 = d*n, -3*k = 2*n + k - l. What is the units digit of n?
2
Suppose -4*o - 5*j - 1388 + 6804 = 0, -3*o + 4*j + 4031 = 0. What is the tens digit of o?
4
Suppose 17*l - 11*l = -42. What is the units digit of 1 - ((l - 186) + 1 + 1)?
2
Let v = -56 - -113. Let h(a) = a - 3. Let o be h(-9). What is the units digit of 2 + (-4)/(o/v)?
1
Let u(l) = l**3 - 4*l**2 - 4*l + 7. Let w be u(6). Suppose 0 = 5*b - 0*b - w. What is the tens digit of b?
1
Let d be 0*((-15)/(-50) + 1/5). Suppose 2*t = 0, d*t - 62 = -q - t. What is the tens digit of q?
6
What is the units digit of -1 - (-6)/7 - (-720576)/168?
9
Suppose 0 = -5*n + 3*n + 3*y + 258, -3*y - 504 = -4*n. What is the units digit of n/(-4)*12/(-18)*2?
1
Let o(g) = -2*g**2 - 5*g - 4. Let f be o(-3). Suppose -26 = -3*x - 2*j, x - 16 = -3*x + 2*j. What is the tens digit of (-1)/1*(f - x)?
1
Let l be (-1)/((-3)/24*1). Let q be (78/(-9))/(l/(-12)). Suppose 2*s = q + 27. What is the units digit of s?
0
Let n(s) = s + 21. Let w be n(-3). Suppose -3*a - 630 = -3*f, -5*f - w*a = -14*a - 1050. What is the units digit of f?
0
Let b(l) = -l**2 + 55*l + 55. What is the tens digit of b(30)?
0
Let y(t) = 4*t**3 + t. Let m be y(1). Let i(w) = -13 + 2 + 2*w + 4 + m. What is the tens digit of i(6)?
1
What is the thousands digit of ((-99)/11 - -11) + 2285?
2
Let k(y) = -y**2 - 4*y. Let z be k(-3). Suppose z*l + 17 = 2. Let b = l - -17. What is the units digit of b?
2
Suppose 109 = -2*v - 203. Let q be (2/3)/((-8)/v). Let t = q - 10. What is the units digit of t?
3
Let p be ((-288)/56)/(1/(-7)). Let b = 72 - p. What is the tens digit of b?
3
Let c(p) = -4 + 12*p - p**3 - 6*p**2 + 2 - 13*p. Let u be c(-6). Suppose -u*l + 22 = 2*i + i, 10 = 5*i. What is the units digit of l?
4
Suppose 12 = -3*x, 3*x - 2 = 2*k - 4. Let p(c) = -c**3 - 4*c**2 - c - 3. What is the units digit of p(k)?
7
Suppose 33580 = 58*h - 12*h. What is the units digit of h?
0
Suppose -5*r - 15 - 15 = 0. Let j = -1 - r. Suppose 0 = -j*c + 32 - 7. What is the units digit of c?
5
Let u(l) = -l**2 - 13*l + 19. Let t be u(-14). Suppose -z - 11 = -t*i, 3*i - 5*i = -3*z + 19. Let h = z - -4. What is the tens digit of h?
1
Let c(z) = 2*z + 11. Let k be c(-13). Let p(q) = -q + 16. What is the units digit of p(k)?
1
Let c(r) be the first derivative of -r**4/4 + r**3 + 3*r**2 - r - 10. What is the units digit of c(4)?
7
Let p(i) = 83*i**2 + 5*i + 6. What is the tens digit of p(3)?
6
Let c = -38 + 44. What is the hundreds digit of 7/((-21)/(-64))*c?
1
Suppose 209*w = 211*w - 4836. What is the tens digit of w?
1
Suppose n - 4*c - 805 = 0, 3*c + 3074 = 5*n - 934. What is the units digit of n?
1
Let m(a) = 66*a**2 + 20*a + 31. What is the tens digit of m(-5)?
8
Let n = 3280 + -2237. What is the thousands digit of n?
1
Suppose 5*s - 4*l = -44, -l + 16 = -5*l. What is the tens digit of ((-6)/s + 0)*446?
2
Let u = -91 - -96. Let z(k) be the second derivative of -k**4/12 + k**3 + 7*k**2/2 + 2*k. What is the units digit of z(u)?
2
Suppose 0 = 2*s - 0*n - 5*n - 62, s - n = 34. Let c be (-1)/(2 + (-76)/s). Let v(m) = m**2 - 3*m - 10. What is the tens digit of v(c)?
4
Let j = -114 + 102. Let p(o) = -o**3 - 12*o**2 - 13*o - 5. What is the tens digit of p(j)?
5
Let g(w) = w**2 - 1. Let l be g(2). Suppose 5*r - 412 = -l*h, 0*r - 2*r + 172 = 3*h. What is the units digit of (-2)/((-245)/r + 3)?
2
Let z(p) = 2*p**3 - 13*p**2 - 32*p + 56. What is the units digit of z(14)?
8
Let u be -1*3/12*-28. Suppose 0 = u*o - 394 - 551. What is the hundreds digit of o?
1
Let x = -1960 - -3352. What is the tens digit of x?
9
Suppose y - 5 = -1. Suppose -l + 1 = 2*x, 10 - 3 = 3*l + y*x. Suppose 30 = 5*i + l*r, -2*r + r = -2. What is the units digit of i?
4
Let k = 16636 + -10864. What is the thousands digit of k?
5
Let o(a) be the first derivative of -a**4/4 - 5*a**3/3 - 5*a**2 - 9*a - 3. Let j be o(-6). Let z = -52 + j. What is the tens digit of z?
3
Let w(b) = -b**3 + 3*b**2 + 3*b - 7. Let y be w(3). Let p(l) = 79*l - 14. What is the tens digit of p(y)?
4
Suppose 3*a - 1995 = 4*i, -4*a = -i + 966 - 3626. What is the units digit of a?
5
Suppose 5336 = 13*a - 5*a. Suppose -5*n + 821 = -3*j, 0*n - j + a = 4*n. What is the tens digit of n?
6
Suppose -6*m = -3*m. Suppose m*q = 5*q - 25. Suppose -q*y + b - 4*b = -101, 0 = 4*y + b - 85. What is the tens digit of y?
2
Let d be ((33/(-2))/11)/(3/(-52)). Let y = -16 + d. What is the units digit of y?
0
Suppose -3*j + 4*j = 49. Let s = j - -27. What is the units digit of (s/(-6))/((-2)/3)?
9
Suppose 2*a + 2*d + 3*d + 19 = 0, d = 4*a - 17. Suppose -2*k - 26 = -a*k. What is the units digit of k?
6
What is the thousands digit of -5 + (-12)/6 - -1393?
1
Suppose -4*x + 1 = 2*w + 11, 4*w - x - 16 = 0. Suppose -4*t = 5*a - 187, 2*a = -w*a + 3*t + 166. What is the tens digit of a?
3
Let a be 2 + 1/(-3)*-3. Suppose 0 = a*b - 36 + 3. What is the units digit of b?
1
Let y(s) = -s**3 - 4*s**2 + 4*s - 4. Let t(b) = -b**2 + b - 4. Let v be t(-7). Let l be 42/(-8) + (-15)/v. What is the units digit of y(l)?
1
Let y(m) = -m**3 - 50*m**2 - 53*m - 83. What is the tens digit of y(-49)?
1
Let h be -3*(-9 + 2 + 0). Suppose 345 = 6*q - h. What is the units digit of q?
1
What is the thousands digit of (-9 + 13 - -4608) + 11?
4
Let c be 1 - 1 - -5*16. Suppose 0 = -a + i + c, 0 = 4*a + i + i - 296. What is the units digit of a?
6
Suppose -2*x - 3*m - 4 = 0, -4*m = -5*x + m + 40. Suppose -5*j + 83 = p, -232 = -x*p + 9*j - 4*j. What is the tens digit of p?
6
Let p = 260 - 168. Suppose -89 = -m + 2*b, m - 2*m + 3*b = -p. What is the tens digit of m?
8
Let m be 2/(-5) - 27/(-5). Suppose -p + 64 = m*g, -p - 3*g = 2*p - 156. What is the units digit of p?
9
Suppose 0*y + 3*g = 4*y - 111, -45 = -2*y + 5*g. What is the tens digit of 1692/y - 4/10?
5
Suppose t + r - 25 = -3*r, t - 3*r = -10. Let j(a) = 10*a**2 + a + 1. What is the tens digit of j(t)?
5
Suppose -4*f + 3*n = -8307, 6*f - 3*n = 3*f + 6228. What is the units digit of f?
9
Let y be ((-6)/9)/(3/(-9)). Let t = y + 68. What is the tens digit of t?
7
Let o = -38 + 118. Suppose -z + o = 3*z + 2*l, 4*z - 68 = -5*l. Let d = z - -9. What is the units digit of d?
1
Suppose 5*t + 5*j = -5, 2*j + 0 = -t - 2. Suppose t = -2*v - a + 231, 2*v - 467 = -2*v + 3*a. What is the tens digit of v?
1
What is the thousands digit of (-7895)/(-13 - -8)*1?
1
Let g = -224 - -262. What is the tens digit of g?
3
Let m(f) = 5*f**3 - 3*f + 3*f + f - f**2. Let a be m(1). Suppose -16 = a*d - 46. What is the units digit of d?
6
What is the thousands digit of -1497*((2 + -7)*1 - -4)?
1
Let g(o) = o - 1. Let t(y) = 2*y**2 + 24*y - 12. Let w(z) = -4*g(z) + t(z). What is the units digit of w(-15)?
2
Suppose -3*i = -t, -4*i + 45 = -4*t - i. What is the units digit of (-687)/t + (-4)/(-20)?
6
Let a(m) = m**3 + 2*m**2 - 3*m - 5. Let b be a(6). Suppose 4*h + 4*x - 351 = b, x - 770 = -5*h. What is the units digit of h?
4
Let h be 186/(-9) - 1/3. Let c = -174 - -131. Let z = h - c. What is the units digit of z?
2
Let o be (-3 + 2)*-7 - 3. Suppose 11 = o*q - 221. Let s = -27 + q. What is the tens digit of s?
3
What is the units digit of 5*-1 + 199 + 110/10?
5
Let h(l) = 6*l**3 - 2*l**2 - 3*l - 8. Let p(s) = -s - 2*s + 5*s**3 - 2*s**2 + 1 - 8. Let v(i) = -3*h(i) + 4*p(i). What is the tens digit of v(3)?
2
Let d(u) = u - 3. Let x be d(-3). Let z(b) = -7*b - 24. Let g(m) = m. Let a(c) = x*g(c) - z(c). What is the units digit of a(-18)?
6
Suppose -2*o = -2*j - 310, -3*o + j + 465 = -0*j. Suppose -2*a + o = -d, 0*a - 3*d - 231 = -3*a. Let b = 134 - a. What is the tens digit of b?
5
Let q(t) = -t**2 + 9*t + 1. Let u be q(8). Suppose 0 = 16*b - 19*b + u. What is the units digit of b?
3
Let y = 19 - 13. Suppose -4*p - s + 11 = 0, 4*p + 3*s - 18 = -1. Suppose 5*o = p*o + y. What is the units digit of o?
2
Let x = -23 - -49. Suppose 168 = x*l - 22*l. What is the units digit of l?
2
Suppose 0 = -3*m + 2 + 7. Let y = -6 + 8. Suppose 5*n + 12 = u, -58 = -m*u + y*n - 9. What is the units digit of u?
7
Let s(f) = -49*f + 21. What is the units digit of s(-7)?
4
Let d = 7679 - 4199. What is the thousands digit of d?
3
Let b(t) = 2*t - 1. Let h be b(-2). Let l be (-25)/h*-1*1. Let n(z) = -5*z + 3. What is the units digit of n(l